.
21
Calculate the highest common divisor of 180 and 1908.
36
Calculate the highest common factor of 13 and 1339.
13
What is the highest common divisor of 87 and 203?
29
Calculate the highest common factor of 221 and 91.
13
What is the greatest common factor of 407 and 11?
11
Calculate the highest common divisor of 182 and 21.
7
What is the highest common factor of 210 and 3318?
42
What is the greatest common factor of 243 and 351?
27
What is the greatest common divisor of 471 and 51?
3
Calculate the highest common divisor of 195 and 741.
39
Calculate the highest common factor of 115 and 1656.
23
What is the greatest common divisor of 5960 and 298?
298
Calculate the highest common divisor of 1020 and 310.
10
Calculate the highest common factor of 64 and 1216.
64
Calculate the highest common divisor of 14 and 483.
7
Calculate the greatest common divisor of 120 and 75.
15
What is the highest common factor of 4732 and 392?
28
What is the greatest common divisor of 2047 and 178?
89
What is the greatest common factor of 208 and 672?
16
What is the highest common factor of 170 and 1?
1
What is the highest common factor of 165 and 6655?
55
What is the greatest common divisor of 969 and 57?
57
Calculate the greatest common factor of 645 and 135.
15
What is the greatest common factor of 35 and 2149?
7
Calculate the highest common factor of 12 and 984.
12
What is the greatest common factor of 63 and 168?
21
Calculate the greatest common factor of 27738 and 67.
67
Calculate the greatest common divisor of 17 and 2533.
17
What is the greatest common factor of 144 and 10404?
36
Calculate the highest common factor of 162 and 6.
6
What is the greatest common factor of 8 and 72?
8
What is the highest common factor of 884 and 72?
4
What is the greatest common factor of 864 and 32?
32
What is the greatest common factor of 11 and 4070?
11
What is the highest common divisor of 742 and 70?
14
What is the highest common factor of 51 and 204?
51
What is the highest common divisor of 2625 and 840?
105
Calculate the highest common divisor of 126 and 2457.
63
Calculate the greatest common divisor of 58 and 98.
2
What is the greatest common factor of 20 and 970?
10
Calculate the greatest common factor of 78 and 1521.
39
What is the greatest common factor of 174 and 528?
6
What is the greatest common divisor of 40 and 2980?
20
Calculate the highest common factor of 10 and 1390.
10
Calculate the greatest common factor of 21 and 12.
3
Calculate the highest common divisor of 735 and 15.
15
What is the greatest common factor of 819 and 182?
91
Calculate the highest common divisor of 9 and 531.
9
Calculate the greatest common divisor of 192 and 156.
12
What is the highest common factor of 11 and 11990?
11
Calculate the highest common factor of 62 and 1302.
62
What is the greatest common factor of 1869 and 63?
21
What is the greatest common factor of 63 and 7281?
9
Calculate the highest common factor of 299 and 13.
13
What is the greatest common divisor of 5 and 65?
5
What is the highest common factor of 11 and 55?
11
What is the highest common factor of 36 and 252?
36
What is the highest common divisor of 28 and 777?
7
Calculate the highest common factor of 6 and 2.
2
Calculate the highest common factor of 169 and 91.
13
What is the highest common divisor of 3 and 201?
3
What is the greatest common factor of 147 and 357?
21
What is the greatest common factor of 112 and 2268?
28
What is the highest common divisor of 18 and 6?
6
What is the greatest common divisor of 852 and 48?
12
Calculate the highest common factor of 14 and 1393.
7
What is the greatest common factor of 4 and 108?
4
What is the highest common divisor of 42 and 105?
21
Calculate the greatest common divisor of 1209 and 62.
31
What is the greatest common factor of 3160 and 700?
20
Calculate the highest common divisor of 500 and 625.
125
What is the greatest common factor of 70 and 77?
7
Calculate the greatest common divisor of 3647 and 7.
7
Calculate the highest common divisor of 77402 and 13.
13
Calculate the highest common factor of 462 and 7238.
154
Calculate the greatest common divisor of 207 and 288.
9
What is the highest common divisor of 671 and 488?
61
Calculate the greatest common factor of 321 and 3.
3
What is the highest common factor of 322 and 42?
14
What is the greatest common divisor of 348 and 1368?
12
Calculate the highest common divisor of 6 and 306.
6
Calculate the greatest common divisor of 10 and 4190.
10
Calculate the highest common factor of 54 and 279.
9
Calculate the highest common factor of 17014 and 905.
181
What is the greatest common factor of 5543 and 46?
23
What is the highest common divisor of 46 and 1702?
46
What is the greatest common factor of 119 and 646?
17
What is the highest common divisor of 18 and 2142?
18
Calculate the highest common divisor of 13 and 897.
13
Calculate the greatest common factor of 366 and 1037.
61
Calculate the greatest common factor of 12 and 156.
12
Calculate the highest common divisor of 33 and 341.
11
What is the greatest common divisor of 3 and 327?
3
What is the greatest common divisor of 4998 and 98?
98
What is the highest common factor of 4128 and 96?
96
Calculate the highest common factor of 38 and 304.
38
Calculate the highest common divisor of 153 and 81.
9
Calculate the highest common factor of 16409 and 122.
61
Calculate the highest common factor of 1239 and 189.
21
Calculate the greatest common divisor of 48 and 848.
16
What is the greatest common factor of 2 and 1198?
2
What is the highest common factor of 42 and 12?
6
Calculate the greatest common divisor of 32 and 34.
2
What is the highest common divisor of 72 and 2088?
72
What is the greatest common divisor of 20 and 2420?
20
What is the greatest common factor of 63052 and 44?
44
Calculate the greatest common factor of 14 and 91.
7
Calculate the greatest common divisor of 2222 and 22.
22
What is the greatest common divisor of 220 and 242?
22
What is the greatest common factor of 144 and 400?
16
Calculate the greatest common factor of 2 and 43.
1
What is the greatest common divisor of 174 and 957?
87
Calculate the highest common factor of 3401 and 38.
19
Calculate the greatest common divisor of 1533 and 861.
21
Calculate the greatest common divisor of 47 and 799.
47
What is the greatest common divisor of 69 and 759?
69
Calculate the greatest common factor of 54 and 144.
18
What is the highest common divisor of 129 and 172?
43
What is the greatest common factor of 1635 and 300?
15
What is the highest common factor of 517 and 33?
11
Calculate the highest common divisor of 3009 and 204.
51
What is the highest common factor of 135 and 105?
15
What is the highest common divisor of 36 and 16?
4
What is the highest common factor of 5 and 310?
5
What is the greatest common divisor of 160 and 15360?
160
Calculate the greatest common divisor of 117 and 26.
13
Calculate the greatest common divisor of 8 and 200.
8
What is the greatest common factor of 33 and 29073?
33
What is the greatest common divisor of 128 and 288?
32
What is the highest common divisor of 330 and 120?
30
What is the highest common factor of 300 and 530?
10
Calculate the highest common factor of 11770 and 330.
110
Calculate the greatest common divisor of 76 and 2147.
19
Calculate the highest common divisor of 25 and 475.
25
Calculate the greatest common divisor of 209 and 51623.
209
Calculate the greatest common divisor of 22 and 297.
11
Calculate the highest common factor of 412 and 1545.
103
Calculate the highest common factor of 987 and 47.
47
Calculate the highest common divisor of 3480 and 1479.
87
Calculate the highest common factor of 762 and 18.
6
What is the highest common factor of 1417 and 545?
109
What is the highest common factor of 576 and 40?
8
What is the greatest common divisor of 82 and 779?
41
Calculate the highest common divisor of 272 and 8.
8
What is the highest common divisor of 35 and 13335?
35
What is the greatest common factor of 17 and 1258?
17
Calculate the greatest common factor of 11 and 3487.
11
Calculate the greatest common divisor of 301 and 203.
7
What is the greatest common factor of 375 and 15?
15
Calculate the highest common divisor of 78 and 39.
39
What is the greatest common factor of 2